 the remainder when h(z) is divided by 27.
24
Suppose -6*r + 672 = -0*r. Suppose 4*a = 8*a + r. Let s = a + 52. Calculate the remainder when 94 is divided by s.
22
Suppose -4*h = -2*s + 16, -3*s + 2*h + 14 = -18. Suppose 0*g - 40 = -5*g. Suppose -2*c + g + 12 = 0. Calculate the remainder when s is divided by c.
2
Suppose -5 = -2*k + 7. Suppose 0 = 8*x - 173 - 115. Calculate the remainder when (39*-3)/(x + -39) is divided by k.
3
Let j = 2349 + -2225. Calculate the remainder when 242 is divided by j.
118
Let q be 2*3/(-8) - (-5)/(-20). Calculate the remainder when (-8)/12 + (-104)/(-3) is divided by q*7*(-10 - -9).
6
Let d = -16418 - -16603. Calculate the remainder when 558 is divided by d.
3
Suppose -4 = -7*i + 3*i, -5*k - 3*i + 3548 = 0. Let t = 981 - k. What is the remainder when t is divided by 35?
27
Suppose -782*l - 2250 = -13198. What is the remainder when 4937 is divided by l?
9
Suppose 174*l - 3*i + 60 = 177*l, l - 24 = -3*i. Calculate the remainder when 1559 is divided by l.
11
Suppose -2*z = -12 - 2. Suppose w + 3*f = -4, -5*w + 5*f + z = 27. Calculate the remainder when 37 is divided by w/3*-6 - -2.
7
Let n be (158/4)/((-24)/(-48)). Suppose g - u - 70 = 0, -u + 67 = 2*g - n. Let h = -60 + g. What is the remainder when 117 is divided by h?
9
Let k = 13891 - 11159. What is the remainder when k is divided by 230?
202
Let a = 27035 + -23736. What is the remainder when a is divided by 29?
22
Let b(u) = 3*u**2 + 2*u + 8. Let w be -7*(-1)/((-2)/2). Suppose -524*m - 3762 = -18958. Calculate the remainder when b(w) is divided by m.
25
Suppose -8*v - 688 = -54*v - 228. What is the remainder when 795 is divided by v?
5
Let u = 890 + -861. Calculate the remainder when 897 is divided by u.
27
Suppose 0 = 5418*q - 5423*q + 645. Let f be (2 + 166/(-4))*-2. Let n = f + -53. What is the remainder when q is divided by n?
25
Suppose -170*q + 119*q + 357 = 0. Calculate the remainder when 646 is divided by q.
2
What is the remainder when 768 is divided by 483535/1903 - (-1)/(-11)?
6
Suppose -8*t + 2*p - 8 = -10*t, -4*t - 2*p = -14. Suppose 3*v + 4*y - t = 0, y = 2*v + 25 - 38. Calculate the remainder when v is divided by 5.
0
Suppose -5*i + 49 - 24 = q, 0 = 5*q - 5*i - 365. Let n(j) = -33*j - 4. What is the remainder when n(-6) is divided by q?
64
Suppose 94*z = 162*z - 85*z + 629. Calculate the remainder when 396 is divided by z.
26
Let k = -404 - -409. Suppose 3*n + 0*n - 2*g = 64, 4*n - 90 = k*g. Calculate the remainder when 197 is divided by n.
17
Let j = -542 - -578. Suppose 39*d - j*d = 132. What is the remainder when d is divided by 14?
2
Suppose 2*v - 8 = -6. Calculate the remainder when 274 is divided by v + (-6 + 6 - -22).
21
Let a(h) = 2*h - 8. Let d be a(5). Suppose 4*l + 4 = 0, 137 = d*y - 7*l + 2*l. What is the remainder when y is divided by 10?
6
Let l(o) = -o**3 + 15*o**2 - 34*o - 6. Let r be l(3). What is the remainder when 878 is divided by 632/10 - (16/80 + r)?
59
Suppose 4*a - 187*c = -190*c + 1400, -2*a + 726 = -5*c. What is the remainder when 856 is divided by a?
150
Let u = 4742 + -4392. Calculate the remainder when 358 is divided by u.
8
Suppose -47*c = -98*c + 2244. What is the remainder when 216 is divided by c?
40
Calculate the remainder when 2468 + ((-5)/(15/(-21)) - 14) is divided by 1229.
3
Let u = 298 + -487. Let j = 246 + u. What is the remainder when j is divided by 7?
1
Let n(i) = 19*i**3 + 571*i**2 + 26*i - 103. Calculate the remainder when 813 is divided by n(-30).
14
Suppose 444*i = 446*i - 80. What is the remainder when -1*(-23 + 0 + 2) is divided by i/6*(1 - 12/(-60))?
5
Let m(s) = -11057*s - 99450. Suppose 0*a = -3*a + 51. Calculate the remainder when m(-9) is divided by a.
12
Suppose -c + 10 = c - 2*r, -2*r - 2 = 0. Suppose c*f + 24 - 48 = 0. What is the remainder when 29 is divided by f?
5
Let d(s) = 14*s**2 - 303*s - 73. Calculate the remainder when 97 is divided by d(22).
23
Suppose -994*o + 989*o = 15. Let t(s) = -s**3 - 9*s - 22. What is the remainder when 59 is divided by t(o)?
27
Let m(n) = 5*n**2 - n - 3. Let l(b) = -b**2 + b - 1. Let y = -48 + 49. Let z(f) = y*m(f) + 4*l(f). Calculate the remainder when z(-11) is divided by 21.
18
Suppose -11*l - 13*l + 11448 = 0. Let j = l - 400. What is the remainder when j is divided by 39?
38
Suppose 24 = 6*t - 3*t + 4*y, 9 = -3*y. What is the remainder when 213/(-2 + 42/t) is divided by 12?
10
Let n(r) = -10*r - 93. Let a(o) = 31*o + 280. Let q(u) = 3*a(u) + 8*n(u). Calculate the remainder when 30 is divided by q(-6).
12
Suppose -809*j - 18128 = -853*j. Calculate the remainder when j is divided by 198.
16
Let k = -26 - -43. Suppose -143 = -22*z + 11*z. What is the remainder when (-18072)/(-156) + 2/z is divided by k?
14
Let b(h) = 5*h**2 - 7*h + 1. Let z be b(-2). Suppose z*x = 5*n + 39*x - 493, 15 = -5*x. Suppose 3*k - 54 = k. Calculate the remainder when n is divided by k.
20
Suppose 4*v = 5*x - 10*x + 747, 461 = 3*x - 4*v. What is the remainder when 477 is divided by x?
24
Let s(h) = 50*h - 6. Suppose 21*z - 23*z = -6. Let l be s(z). Suppose -4*d + l = 60. Calculate the remainder when 57 is divided by d.
15
Let c(y) = 2078*y - 8259. Suppose 5*i = -3*o + 172, -4*i - 5*o = 8 - 143. Let q = -7 + i. Calculate the remainder when c(4) is divided by q.
25
Let m = -2185 - -30642. What is the remainder when m is divided by 102?
101
Suppose 5*m + 5*w = 280, 0 = m - 6*w - 29 - 69. What is the remainder when (-910)/4*4/(-5) is divided by m?
58
Let i(w) = -1024*w - 17345. Suppose 2*h - 6*h = -64. Calculate the remainder when i(-17) is divided by h.
15
Let l(k) = 752*k + 11308. What is the remainder when 5431 is divided by l(-15)?
27
Suppose -42*a + 23490 = -32*a. Calculate the remainder when a is divided by 48.
45
Let k(c) = 2*c**2 + 10*c - 1008. What is the remainder when 215 is divided by k(-26)?
47
Let o = 12 + -156. Let z = o - -206. Calculate the remainder when z is divided by (-2)/7 - 156/(-7).
18
Let n(f) = f - 3. Let b be n(9). What is the remainder when 9*(b/(-2) + 10) is divided by 8/(-6)*-3 + (-14)/(-2)?
8
Let h be (-3)/21 + 181/(-7). Suppose 231 = 9*i - 345. What is the remainder when i is divided by -3 - 360/h - (-10)/65?
9
Let f = 51 - 131. Let w be 52*(-5)/(f/68). Let m = w - 125. What is the remainder when m is divided by 25?
21
Let j(p) = -2*p**2 + 20*p + 10. Let y(d) = -d**2 - 13*d - 10. Let l be y(-14). What is the remainder when l/(-1*4/8) is divided by j(10)?
8
Suppose 3*l = 4*g - 291 + 97, 3*l = -6. Calculate the remainder when 186 + 7/((-28)/(-24)) + -7 is divided by g.
44
Let o be ((-44)/(-3))/((-2)/(-3)). Suppose 5*v - 500 = -5*p, 0 = p + 5*v - o - 66. What is the remainder when p is divided by (-54)/7*973/(-417)?
13
Suppose -5*n = -2*v + 180, v - 5*n = -6*n + 83. Let f = -86 + v. Let j(a) = 89*a**2 - a - 2. Calculate the remainder when j(f) is divided by 18.
16
What is the remainder when (-7062)/165*25/(-15)*21 is divided by 94?
88
Let t = -5213 + 7450. Calculate the remainder when t is divided by 118.
113
Suppose 8*w - 169*w - 31*w = -3456. Let d(j) = 2*j**2 - 5*j + 1. Calculate the remainder when d(5) is divided by w.
8
What is the remainder when 1389 is divided by (-8)/(-1) + -2 - 140/(-5)?
29
Let y(k) = -3*k**2 - 27*k - 53. Let g be y(-7). Suppose -4*z = -5*a - z + 115, 0 = a + 4*z. Let q = a - g. What is the remainder when q is divided by 16?
15
Suppose -g = -15626 + 15596. What is the remainder when 72 is divided by g?
12
Suppose 3*y + 0*y + 4*r + 1508 = 0, -1502 = 3*y + r. Calculate the remainder when 181 is divided by y/(-35) + (-4)/14.
13
Let x = -175 + 245. Let p = -40 + x. What is the remainder when p is divided by 4?
2
Let c(m) = m**2 + 3*m - 1. Let x be c(-2). Let f(w) = -w**3 + w - 3. Let t be f(x). Calculate the remainder when 13 is divided by 8/42*3 + 51/t.
1
Let v be (-6200)/(-140) - (-4)/(-14). Suppose 10*p - v = 36. What is the remainder when 23 is divided by p?
7
What is the remainder when 3*(-2 + 0 - -25) is divided by 118 + -101 + -1 + 19?
34
Let w be 20/2*(-15)/8*-4. Suppose 0*l + 48 = -4*l. What is the remainder when 35 is divided by 1/(9/l)*w/(-5)?
15
Suppose 16*f - 15493 + 5029 = 0. Calculate the remainder when f is divided by 11.
5
Let q = 613 + -84. Calculate the remainder when q is divided by 1*(1 + -3) - ((-83 - 9) 